*2 - 6*g - 2. Let h be ((-47)/4 - 3)*-4. Suppose 4*a = -11 + h. List the prime factors of s(a).
2, 5, 7
Let i(r) = -r**2 + 72*r - 120. Let l(f) = -12*f + 37. Let g be l(0). What are the prime factors of i(g)?
5, 47
Suppose -29 + 41 = 4*k. Suppose -m = k*p - 2 - 76, p = 1. List the prime factors of m.
3, 5
Let u = 252 + 256. Let d = u - 426. List the prime factors of d.
2, 41
Let g(w) = -w**3 - 7*w**2 + 7*w + 43. Let r(s) = 2*s**3 + 13*s**2 - 15*s - 84. Let o(f) = -11*g(f) - 6*r(f). What are the prime factors of o(-3)?
2, 5
Let a(i) = 3*i**2 + 4*i - 8. Let h be a(-5). Suppose -11*r - 30 = h. What are the prime factors of ((-90)/r)/((-5)/(-35))?
2, 3, 5
Let k = -70 - -31. Let q = k + 41. What are the prime factors of (q + 45/(-2))*(-3 + 1)?
41
List the prime factors of 15/6*2463 - 2/(-4).
2, 3079
What are the prime factors of 494/(-19)*6/(-8)*598 - -4?
5, 2333
Let t be 3/(-1)*-3 + -84 + 79. Suppose -2*m + 3*v = -v - 2160, t*m - 4275 = -v. What are the prime factors of m?
2, 5, 107
Let f be 6*(1/(-4) + (-24)/(-32)). Suppose 0 = -f*g - 2*q + 1032, -9*g + 1393 = -5*g - 3*q. List the prime factors of g.
2, 173
Let f(r) = -6*r**2 + 3*r - 4. Let m be f(-3). Let a = 311 + m. What are the prime factors of a?
2, 61
Let l be ((-8)/(-14))/(-1 + 27/21). Let g(c) = -6*c + 24 + 2*c**l - 21 - 11. What are the prime factors of g(-4)?
2, 3
Let j(g) = 4*g**2 - 209*g + 63. What are the prime factors of j(74)?
3, 11, 197
Let x be (-14)/21*(-1 + 21/(-6)). Suppose 0 = -x*g + 33 + 12. What are the prime factors of 0 + 1 - (-1290)/g?
3, 29
Let u be (-7)/147*-14 + 22946/6. Suppose 2*c - h = 1915, 4*c = 8*c - h - u. What are the prime factors of c?
5, 191
Suppose 4*x + 822 = -914. Let l = x + 919. List the prime factors of l.
5, 97
Suppose 53 = t + 51. Suppose x - h - 454 = -t*x, 756 = 5*x - 2*h. What are the prime factors of (-4)/(-6) + x/6?
2, 13
Let p be 117/(-26)*2/(-3). Suppose -484 = -4*t + p*x, 5*t = x + x + 598. Suppose t + 58 = 2*w. What are the prime factors of w?
2, 11
Suppose -287*g + 286*g + 3*a = -61203, 244878 = 4*g - a. List the prime factors of g.
3, 20407
Suppose -25*y + 184345 + 974580 = 0. List the prime factors of y.
151, 307
Suppose 0 = 2*s + 3*v - 23705, -9*v + 14*v = -5*s + 59270. Suppose 8254 + s = 13*j. What are the prime factors of j?
7, 13, 17
Suppose 11*x = 2*x + 13538 + 23695. What are the prime factors of x?
3, 7, 197
Suppose -9*d = -20 - 7. Suppose -3*h = 2*y + 3 + 1, -d*h = 12. Suppose -2*z + 5*p + 362 = 0, -y*z - p + 878 = z. List the prime factors of z.
2, 11
Suppose 12*f - 721 = 215. List the prime factors of 86/(630/f + -8).
2, 13, 43
Let r = 31 - 25. Let d(b) = -b**2 + 0*b**2 - 14 - r*b + 19*b. List the prime factors of d(11).
2
Let j(a) = -1538*a + 34. Let t be j(-1). Suppose t + 732 = 6*u. List the prime factors of u.
2, 3
Let x = 660 - 627. What are the prime factors of x/(-44) - (0 + (-11781)/12)?
3, 109
Suppose 2*y + 19584 = 2*l, -3*l - 331 = y - 29715. List the prime factors of l.
2, 59, 83
Let h(m) = -m**2 + 7*m + 37. Suppose 75*f - 60 = 70*f. Let t be h(f). Let p(j) = -3*j - 11. List the prime factors of p(t).
2, 29
Let a = 14884 - 11519. What are the prime factors of a?
5, 673
Suppose -21*h = -200727 - 247833. List the prime factors of h.
2, 3, 5, 89
Let d = 474 + 341. Suppose 2*f - d = -z, 3*z = -2*z - 15. List the prime factors of f.
409
Let o(h) = h**3 + 35*h**2 - 43*h - 221. Let w be o(-36). Let g(p) = -p**2 + 3*p + 2. Let n be g(5). Let d = w + n. List the prime factors of d.
23
Let x(p) = -5*p**2 + 5*p**2 + 4*p - 2*p**2 - 3. Let d be x(1). List the prime factors of (-8 + 54)*(d + (-3)/(-2)).
23
Let x(i) = 6*i**2 + 133*i + 4173. List the prime factors of x(-125).
2, 7, 5807
Let q = 115 + -99. Let a(x) = x**2 + 0*x + 6*x - x**3 + 15*x**2 - 15. List the prime factors of a(q).
3
Suppose 2386 = 2*g + 2*l, 0 = -g + l + 841 + 350. Let o = g - 258. List the prime factors of o.
2, 467
Suppose 5*d - 4*y = -2671 + 9529, -2*d + y + 2739 = 0. List the prime factors of d.
2, 683
Suppose 0*y - 122 = 2*y. Let w = y - -68. Suppose -22 + 435 = w*j. List the prime factors of j.
59
Suppose 8*w - 70 = 10. Suppose -o + 7067 = 4*x - 2*o, -2*o = -w. List the prime factors of x/48*2 + (-2)/(-6).
2, 37
Let l be -6*(21/6 - 2). Suppose 12*t - 24*t = 1152. Let j = l - t. What are the prime factors of j?
3, 29
Let h be 2/6 - (-110)/30. Suppose 9*c + h*c = 9555. Suppose 2*s - c = -3*s. List the prime factors of s.
3, 7
Suppose 3*m - 5*l - 45 - 583 = 0, 0 = -5*m + 4*l + 1038. Suppose 11 = 3*q + i, -130*i = -4*q - 131*i + 14. Suppose m + 190 = q*y. List the prime factors of y.
2, 3, 11
Suppose 909 = -h - 2*b, 2*b + 3639 = -4*h - 3*b. Let a = h - -1547. List the prime factors of a.
2, 3, 53
List the prime factors of 2/(-14) - (14 + 85667/(-7)).
2, 191
Let r(a) = a**2 - 1. Let d(o) = -2*o**2 + 15*o - 41. Let p(f) = -d(f) + 2*r(f). What are the prime factors of p(3)?
2, 3, 5
Suppose -q = -0*q - 4*l - 301, 0 = 2*q + 5*l - 654. What are the prime factors of q?
317
Suppose 2*k - 9*i - 44652 = -4*i, k = -5*i + 22281. List the prime factors of k.
3, 37, 67
Suppose -65 = -6*x + 277. Let r = x - -138. Suppose 3*z = -3*b + 141, z + 3*z - r = 3*b. What are the prime factors of z?
2, 3
Suppose -67*p + 70*p - 27756 = -2*l, 24 = -4*l. What are the prime factors of p?
2, 13, 89
Let l(c) be the first derivative of 13/2*c**2 - 5/3*c**3 + 9*c + 17 - 1/4*c**4. What are the prime factors of l(-7)?
2
Suppose 0 = 4*m, -4*t + 8 = 3*m - 4. Suppose 0 = -t*q, -n + 58 = q - 239. What are the prime factors of n?
3, 11
Let a = -1317 + 551. Let y = a + 1339. What are the prime factors of y?
3, 191
Let f(t) = t**3 + 16*t**2 + t + 19. Suppose 0 = -5*x - 5*r - 105, -4*x + 7*r = 2*r + 39. Let v be f(x). Suppose v*p - 92 = 85. What are the prime factors of p?
59
Suppose 223 = 4*m + d, 5*m - 5*d - 400 = -115. Suppose r - 21 = m. List the prime factors of r.
7, 11
Let w be (12*-3*(-4)/24)/2. Suppose w*t + 0*t - t = 0. Suppose t = 16*z - 11*z - 300. What are the prime factors of z?
2, 3, 5
List the prime factors of 38/(-304) + (-11032)/(-64)*219.
2, 5, 151
Suppose -5*r + 121 = -5*o - 29, -2*r = 4*o - 48. Suppose -27*v - 297 = -r*v. List the prime factors of v.
3, 11
Let a(p) = 3*p**2 + 23*p + 6. Let n(h) = 3*h**3 + 19*h**2 + 6*h - 19. Let k be n(-6). List the prime factors of a(k).
2, 163
Suppose 0 = -5*y + 76 - 56. Suppose 2*s - 291 = y*p + 577, 4*p + 436 = s. What are the prime factors of s?
2, 3
Suppose 70694 - 177047 = -21*o + 96171. List the prime factors of o.
2, 2411
Let p = 551 - 552. What are the prime factors of p - -4 - (-6190)/20*6?
2, 3, 5, 31
Let l(k) = 2*k - 13. Let x be l(9). Suppose 0 = -5*h + x*c - 25, 4*h - c + 6*c = -11. What are the prime factors of 5/(((-4)/6)/(h/6))?
5
Suppose -3*d + 100 = -5*p - 1484, -10 = 5*d. Let o = p - -728. List the prime factors of o.
2, 5, 41
Suppose -3*f + 23 = 4*z + 2*f, -31 = -4*z + 3*f. Suppose -5*l - 12 = 2*m - z*l, 0 = 5*l. Let r(c) = -35*c - 20. What are the prime factors of r(m)?
2, 5, 19
Let t be 22 + -13 - (-109 - 6). Suppose s = 10 + 56. Let x = t + s. What are the prime factors of x?
2, 5, 19
Let t be ((-540)/(-75))/(-2*(-1)/60). What are the prime factors of -1 + -1 + 0 + (t - 3)?
211
Let n be -3 - -4 - 2340/(-5). Suppose -2*l + n = -125. What are the prime factors of l?
3, 11
Let n = -27 + 31. Suppose 4*p + 4*x - 10 = 2, -n*p + 3*x - 16 = 0. Let c(r) = 112*r**2 - 4*r - 3. List the prime factors of c(p).
113
Let f be (6 - (-10 + 6)) + -6. Suppose -2*n = -2, -f*n = -3*w + 3 + 110. List the prime factors of w.
3, 13
Let f(q) be the first derivative of -31*q**2/2 - 53*q + 103. What are the prime factors of f(-10)?
257
Let n(o) = o**3 - 2*o**2 - 25*o. Let b be n(-4). Suppose 0 = 4*u + 3*y - 1838, 5*y + 1822 = b*u - 0*y. List the prime factors of u.
2, 229
Let k(a) = -a**3 + 16*a**2 - 17*a + 1. Let f be k(14). Suppose -d = -5*q + f, q - 2*d - 15 = -5*d. List the prime factors of q.
2, 3, 5
Let v = 52 + -51. Suppose -b = v + 48. Let h = b - -60. What are the prime factors of h?
11
Let w(o) be the second derivative of -o**3/6 - 9*o**2/2 - 11*o. Let n be w(-11). Suppose 101 = n*i + y, -3*y + 3 = -0. List the prime factors of i.
2, 5
Let t(i) = -6*i + 3. Let f(x) = 3*x + 4. Let v = 32 - 37. Let j be f(v). List the prime factors of t